{"id":22,"date":"2020-07-07T07:36:42","date_gmt":"2020-07-07T07:36:42","guid":{"rendered":"http:\/\/devel.ccbao.at\/?page_id=22"},"modified":"2026-02-11T07:11:45","modified_gmt":"2026-02-11T07:11:45","slug":"asdf","status":"publish","type":"page","link":"https:\/\/www.kirchenwirt-fehring.at\/?page_id=22","title":{"rendered":"\u00dcber uns"},"content":{"rendered":"\r\n<figure class=\"wp-block-image size-full\"><img decoding=\"async\" class=\"wp-image-523\" src=\"https:\/\/www.kirchenwirt-fehring.at\/wp-content\/uploads\/2022\/10\/9158B959-9D60-4E0F-9685-0767884E7C3A_4_5005_c.jpeg\" alt=\"\" \/><\/figure>\r\n\r\n\r\n\r\n<h2 class=\"wp-block-heading\" id=\"offnungszeiten\">\u00d6ffnungszeiten<\/h2>\r\n\r\n\r\n\r\n<p>&nbsp;<\/p>\r\n\r\n\r\n\r\n<p>Di-Sa: ab 08:00 Uhr ge\u00f6ffnet<br \/>So u. Feiertage: 09:30 bis 14:00 Uhr ge\u00f6ffnet<br \/>Montag Ruhetag<\/p>\r\n\r\n\r\n\r\n<p><strong><em>K\u00fcchenzeiten<\/em><\/strong><\/p>\r\n\r\n\r\n\r\n<p>10:30 Uhr bis 14:00 Uhr<\/p>\r\n\r\n\r\n\r\n<p>18:00 Uhr bis 21:00 Uhr<\/p>\r\n<p>Bestellungen sind bis 15 Minuten vor K\u00fcchenschluss m\u00f6glich.<\/p>\r\n\r\n\r\n\r\n<h2 class=\"wp-block-heading\" id=\"anschrift\">Anschrift<\/h2>\r\n\r\n\r\n\r\n<p><strong>Gerhard Pock<\/strong><br \/>Hauptplatz 1<br \/>Fehring<br \/>03155\/2404<\/p>\r\n\r\n\r\n\r\n<p><em>Fremdenzimmer in Fehring: <\/em><a href=\"http:\/\/www.fehring.at\/unterkuenfte\">www.fehring.at\/unterk\u00fcnfte<br \/><\/a><\/p>\r\n\r\n\r\n\r\n<p><iframe loading=\"lazy\" style=\"border: 0;\" tabindex=\"0\" src=\"https:\/\/www.google.com\/maps\/embed?pb=!1m18!1m12!1m3!1d2724.2961266510893!2d16.008794051354013!3d46.93621874193571!2m3!1f0!2f0!3f0!3m2!1i1024!2i768!4f13.1!3m3!1m2!1s0x476f02b953c5680f%3A0xa4d8b392b074006!2sKirchenwirt%20Fehring%20-%20Gerhard%20Pock!5e0!3m2!1sde!2sat!4v1594108885491!5m2!1sde!2sat\" width=\"600\" height=\"450\" frameborder=\"0\" allowfullscreen=\"allowfullscreen\" aria-hidden=\"false\"><\/iframe><\/p>\r\n","protected":false},"excerpt":{"rendered":"<p>\u00d6ffnungszeiten &nbsp; Di-Sa: ab 08:00 Uhr ge\u00f6ffnetSo u. Feiertage: 09:30 bis 14:00 Uhr ge\u00f6ffnetMontag Ruhetag K\u00fcchenzeiten 10:30 Uhr bis 14:00 Uhr 18:00 Uhr bis 21:00 Uhr Bestellungen sind bis 15 Minuten vor K\u00fcchenschluss m\u00f6glich. Anschrift Gerhard PockHauptplatz 1Fehring03155\/2404 Fremdenzimmer in Fehring: www.fehring.at\/unterk\u00fcnfte<\/p>\n","protected":false},"author":1,"featured_media":0,"parent":0,"menu_order":0,"comment_status":"closed","ping_status":"closed","template":"","meta":{"footnotes":""},"class_list":["post-22","page","type-page","status-publish","hentry"],"_links":{"self":[{"href":"https:\/\/www.kirchenwirt-fehring.at\/index.php?rest_route=\/wp\/v2\/pages\/22","targetHints":{"allow":["GET"]}}],"collection":[{"href":"https:\/\/www.kirchenwirt-fehring.at\/index.php?rest_route=\/wp\/v2\/pages"}],"about":[{"href":"https:\/\/www.kirchenwirt-fehring.at\/index.php?rest_route=\/wp\/v2\/types\/page"}],"author":[{"embeddable":true,"href":"https:\/\/www.kirchenwirt-fehring.at\/index.php?rest_route=\/wp\/v2\/users\/1"}],"replies":[{"embeddable":true,"href":"https:\/\/www.kirchenwirt-fehring.at\/index.php?rest_route=%2Fwp%2Fv2%2Fcomments&post=22"}],"version-history":[{"count":18,"href":"https:\/\/www.kirchenwirt-fehring.at\/index.php?rest_route=\/wp\/v2\/pages\/22\/revisions"}],"predecessor-version":[{"id":744,"href":"https:\/\/www.kirchenwirt-fehring.at\/index.php?rest_route=\/wp\/v2\/pages\/22\/revisions\/744"}],"wp:attachment":[{"href":"https:\/\/www.kirchenwirt-fehring.at\/index.php?rest_route=%2Fwp%2Fv2%2Fmedia&parent=22"}],"curies":[{"name":"wp","href":"https:\/\/api.w.org\/{rel}","templated":true}]}}

Über uns

<figure class="wp-block-image size-full"><img decoding="async" class="wp-image-523" src="https://www.kirchenwirt-fehring.at/wp-content/uploads/2022/10/9158B959-9D60-4E0F-9685-0767884E7C3A_4_5005_c.jpeg" alt="" /></figure>



<h2 class="wp-block-heading" id="offnungszeiten">Öffnungszeiten</h2>



<p>&nbsp;</p>



<p>Di-Sa: ab 08:00 Uhr geöffnet<br />So u. Feiertage: 09:30 bis 14:00 Uhr geöffnet<br />Montag Ruhetag</p>



<p><strong><em>Küchenzeiten</em></strong></p>



<p>10:30 Uhr bis 14:00 Uhr</p>



<p>18:00 Uhr bis 21:00 Uhr</p>
<p>Bestellungen sind bis 15 Minuten vor Küchenschluss möglich.</p>



<h2 class="wp-block-heading" id="anschrift">Anschrift</h2>



<p><strong>Gerhard Pock</strong><br />Hauptplatz 1<br />Fehring<br />03155/2404</p>



<p><em>Fremdenzimmer in Fehring: </em><a href="http://www.fehring.at/unterkuenfte">www.fehring.at/unterkünfte<br /></a></p>



<p><iframe loading="lazy" style="border: 0;" tabindex="0" src="https://www.google.com/maps/embed?pb=!1m18!1m12!1m3!1d2724.2961266510893!2d16.008794051354013!3d46.93621874193571!2m3!1f0!2f0!3f0!3m2!1i1024!2i768!4f13.1!3m3!1m2!1s0x476f02b953c5680f%3A0xa4d8b392b074006!2sKirchenwirt%20Fehring%20-%20Gerhard%20Pock!5e0!3m2!1sde!2sat!4v1594108885491!5m2!1sde!2sat" width="600" height="450" frameborder="0" allowfullscreen="allowfullscreen" aria-hidden="false"></iframe></p>

<p>Öffnungszeiten &nbsp; Di-Sa: ab 08:00 Uhr geöffnetSo u. Feiertage: 09:30 bis 14:00 Uhr geöffnetMontag Ruhetag Küchenzeiten 10:30 Uhr bis 14:00 Uhr 18:00 Uhr bis 21:00 Uhr Bestellungen sind bis 15 Minuten vor Küchenschluss möglich. Anschrift Gerhard PockHauptplatz 1Fehring03155/2404 Fremdenzimmer in Fehring: www.fehring.at/unterkünfte</p>
